904. What are the prime factors of b/54 - -8 - 2/(-9)?
3, 7, 13
Let n(f) = 15*f + 145. Let r(j) = -2*j + 37. Let a be r(10). List the prime factors of n(a).
2, 5
Let t(p) = -22*p - 288. Let f be t(-13). Suppose -2 = 2*a - 3*a. List the prime factors of 1 - ((-17)/a)/((-1)/f).
2, 3
Let j(q) = 33*q**3 - 2*q + 1. Let t = 270 - 268. List the prime factors of j(t).
3, 29
Let f = 28 + -24. Suppose -k = f*k. Let g = k - -26. What are the prime factors of g?
2, 13
Let c be ((-18)/15*-2)/((-2)/(-35)). Let g = 44 - c. Suppose -b - q + 55 = 4*q, 0 = -2*b - g*q + 70. List the prime factors of b.
2, 3, 5
Suppose -2*l - 600 = -2*n, -2*n - 295 = -3*n + 2*l. Suppose 0 = 9*s - 10*s + n. List the prime factors of s.
5, 61
Suppose d + 3*h + 22 = -0*d, 5*d + 5*h = -130. What are the prime factors of (0 + -2)/(-2)*(834 - d)?
2, 431
Let r = 20126 + -10782. Let s = r + -14193. List the prime factors of (-6)/(-4) - s/26.
2, 47
Suppose -17*m + 4218 = 124969. List the prime factors of m/(-9) + (-28)/(-36) + -1.
3, 263
List the prime factors of (-16)/2 - (-15790 + 43).
15739
Let u(l) = l**3 - 47*l**2 - 119*l + 319. What are the prime factors of u(50)?
3, 7, 89
Suppose -4*c = -c + 12. Let r be ((-2)/c)/((39/(-6))/13). List the prime factors of (-7)/(36/(-33) - r).
7, 11
Let i(s) = -s**3 - s**2 - 2*s + 866. Let z be i(0). Suppose 1552 = -2*f + 2*y, 0 = -f + 2*y - z + 92. List the prime factors of f/(-5) - 20/(-50).
2, 3, 13
Let t(u) = -u**3 - 20*u**2 + 21*u - 6. Let y be t(-21). What are the prime factors of 3/(-9)*y - (-1 - 1160)?
1163
Let s = -1358 + 4874. List the prime factors of s.
2, 3, 293
Let h = -141 + 199. Let a = h + -24. Let k = 78 - a. List the prime factors of k.
2, 11
Suppose -5*u - 83 = -118. Suppose u*t - 3999 = -751. List the prime factors of t.
2, 29
Let x = -18838 - -41588. List the prime factors of x.
2, 5, 7, 13
Let l be 452*(-1)/((-6)/3). Let y = -53 + l. Suppose -3*h - 50 = -y. List the prime factors of h.
41
Suppose -30*j + 284180 + 294306 = -632044. What are the prime factors of j?
40351
Let p = -84341 + 144755. What are the prime factors of p?
2, 3, 10069
Let z be ((-4)/6)/(((-4)/(-3))/2). Let k be z - 2/(-3) - 3845/(-15). Let b = k - 88. List the prime factors of b.
2, 3, 7
Suppose -3*h - 38 = -4*o, 0 = 3*o - 4*h - 27 - 5. Suppose -o + 40 = 2*g. Let m = 54 - g. List the prime factors of m.
2, 19
Suppose 0 = 3*c - d - 5*d - 30402, -2*d - 50670 = -5*c. List the prime factors of c.
2, 3, 563
Let k = 793 + 451. What are the prime factors of k?
2, 311
Suppose 485 = -3*d - 211. Let k = 245 + d. What are the prime factors of k?
13
Suppose -838 = -4*b - 5*s + 817, -5*s - 25 = 0. Suppose 0*x - 3*x = -b. Suppose 44*y + x = 46*y. What are the prime factors of y?
2, 5, 7
Let f(o) = 11*o**2 - 174*o - 329. List the prime factors of f(79).
2, 3, 379
Suppose 0 = -j + 2*j - 4*z - 6931, -4*j - 3*z + 27648 = 0. What are the prime factors of j?
3, 5, 461
Let o(c) be the second derivative of 166*c**3/3 - 11*c**2/2 - 180*c. List the prime factors of o(1).
3, 107
Suppose -140 = 13*s - 18*s. Let w = 530 - s. List the prime factors of w.
2, 251
Suppose 0 = 83*g - 85*g + u + 59858, g - 3*u - 29919 = 0. List the prime factors of g.
3, 11, 907
Suppose 3*j + 2010 = -g, -1497 = 2*j - 5*g - 157. Let l = -113 - j. What are the prime factors of l?
557
Let r(f) = -f**3 - f**2 + 13*f + 6. Let n be r(-4). Let p be (-1)/28*-76 - n/(-7). List the prime factors of 0 + p/2*500/6.
5
Suppose 59*b + 552 = 63*b. List the prime factors of (b/(-4))/((-84)/280).
5, 23
Let w(c) = 1081*c - 28. What are the prime factors of w(6)?
2, 3229
Suppose 0 = -4*k - 74 + 106. What are the prime factors of (20/k)/((-3)/(-414))?
3, 5, 23
Suppose 10 = 5*j, -p + 5*j - 6 = 2. Let y be (2/(-4))/(p/8). List the prime factors of y/(-3) - 283/(-3) - 2.
3, 31
Suppose -3*x = -34 + 34. Suppose x = -5*m + 5*o + 35, -2*m + 4*o + 25 = m. Suppose -4*v - m*w = -5*v + 228, 2*v + 3*w - 411 = 0. List the prime factors of v.
3, 71
Let o(a) = -3*a**3 - 20*a**2 - 6*a - 404. What are the prime factors of o(-19)?
73, 179
Suppose 2*t + 31 - 19 = 0. Let q(c) = -c**3 - 4*c**2 + 11*c + 24. What are the prime factors of q(t)?
2, 3, 5
Suppose 12*r = -25*r - 888. What are the prime factors of ((-1290)/24)/(3/r) + -4?
2, 3, 71
Suppose -273*u + 42*u = 250890 - 1861422. List the prime factors of u.
2, 3, 7, 83
Let g(t) be the first derivative of 4*t**3/3 + 7*t**2 - 15*t + 22. List the prime factors of g(-18).
3, 7
Let a(q) = -14*q**2 + q**3 - 2 - 9 + 588*q + 0*q**3 - 575*q + q**3. List the prime factors of a(7).
2, 5
Let i(j) = -j**3 + 118*j**2 + 4330*j + 32. List the prime factors of i(-37).
3, 7, 2477
Let a = -3 - 13. Let y be (-3)/(-30) + (-419)/(-10). What are the prime factors of y/(-3)*(-1 + a)?
2, 7, 17
Suppose -5*w + 15 = -5*c, 2*c - 7 = -4*w + 5. Suppose -7*k - 24 - 4 = c. List the prime factors of (-25 - -2)*k/(2 + -1).
2, 23
Let j(a) be the third derivative of 5*a**4/6 - 49*a**3/6 - a**2. Suppose 9*o - 4*o - 45 = 0. What are the prime factors of j(o)?
131
Let o(v) = 126*v**2 - 14*v - 54. Let l be o(-3). Let q = 1881 - l. What are the prime factors of q?
3, 11, 23
Let l be (-1785)/(-5) + (2 - 8). Suppose -b - 2*i = -l, -2 + 3 = i. List the prime factors of b.
349
Suppose 282 = -w + 2*w - 4*k, -5*w - 3*k + 1387 = 0. Suppose -f - w = -2*o, -5*o = -0*f + 5*f - 710. Suppose -5*n = 45 - o. List the prime factors of n.
19
Let c = -12 - -5. Let u be 5/2 + -2 - (-66)/4. Let n = u - c. What are the prime factors of n?
2, 3
Suppose 3*r - 10 = 20. Let o be 16/r + (-2)/(-5). Suppose 6*t - 32 = o*t + 4*l, -2*t + 16 = l. List the prime factors of t.
2
Suppose -475 = 15*v + 2120. Let f = 346 + v. What are the prime factors of f?
173
What are the prime factors of (-88 + -1)/((65 - 62) + (-326)/108)?
2, 3, 89
Suppose -4*b + 2*z = -374642, -5*b - 880*z + 882*z = -468298. What are the prime factors of b?
2, 23, 509
Suppose 35 = -2*l + 37, -3*d = l - 124264. List the prime factors of d.
3, 13807
Suppose -941641 + 217922 = -13*p - 66*p. What are the prime factors of p?
9161
Let l(g) = -2*g**2 + 18*g - 27. Let f be ((-5)/75*-6)/((-2)/(-80)). Let x be l(f). Let v = 376 + x. What are the prime factors of v?
5
Let v(x) = x**2 - 13. Let t be v(-4). Let h(z) = -9*z**3 - 2*z**2 - z - 7. Let c be h(t). Let g = c - -427. List the prime factors of g.
2, 3, 13
Let u be (-2 - 12/(-10))*-175. Let v = -97 + u. List the prime factors of v.
43
Suppose -v + 2*h = 3, 3*v - 5*h + 6 = -0*h. Let t be 2*(5/2 - v) - -21. Let d = t - 10. What are the prime factors of d?
2, 5
Suppose 232*q - 2182734 = 178*q. List the prime factors of q.
83, 487
Let w = 514 + 191. What are the prime factors of w?
3, 5, 47
Let c(b) = -3*b - 3*b - 26 - 58. What are the prime factors of c(-17)?
2, 3
Suppose -2*g + 0*g = 5*z - 19, 4*z - 8 = -g. Suppose g*c + 2037 = 19*c. What are the prime factors of c?
3, 97
Let j = -14458 + 33456. What are the prime factors of j?
2, 7, 23, 59
Let b = 43324 + -29328. What are the prime factors of b?
2, 3499
Let p be 1*4/(4/(-3)). Let w(n) = 9*n**3 - 3*n**2 + 7*n - 3. Let m(i) = -5*i**3 + i**2 - 4*i + 2. Let s(x) = p*w(x) - 5*m(x). List the prime factors of s(-3).
2, 23
Let o = 209 + -32. Let n(d) = -174 + 331 - o - 35*d. List the prime factors of n(-3).
5, 17
Suppose 162 = 2*l - 110. Let w = 304 - l. Suppose -2*s = 4*n - w + 32, 3*n - 5*s - 89 = 0. What are the prime factors of n?
3, 11
Let d be (0/4)/(-3)*2/6. Suppose d = -16*x + x + 16275. List the prime factors of x.
5, 7, 31
Let q(w) = -68*w + 5793. List the prime factors of q(0).
3, 1931
Suppose -188 = -18*d + 118. Suppose -12*t + 2*b - 5009 = -d*t, -5*b - 1018 = -t. List the prime factors of t.
17, 59
Let z(a) = a**2 + 30*a - 55. Let c be z(-30). List the prime factors of (0 - 1) + (2 + 3 - c).
59
Suppose -5*u + 9 = -2*u. Suppose 3*t = -m + 655, -4 - 2 = u*m. Suppose 2*r - 5*b = t, -435 - 97 = -5*r - 3*b. List the prime factors of r.
107
Let h be (-435 + -2 + -5)*1. Let n = -3 - h. What are the prime factors of n?
439
Suppose -4*y + 7064 + 5104 = 0. List the prime factors of y.
2, 3, 13
Suppose l - 995 = 6*l. Suppose -3*k + o + 79 = 418, -3*k = -4*o + 339. Let g = k - l. What are the prime factors of g?
2, 43
Let s(u) = 22*u - 9. Let b(g) = g**2 + 5*g + 7. Let v be b(-3). Let i be s(v). Suppose -i +